{"id":6,"date":"2023-03-12T12:03:47","date_gmt":"2023-03-12T12:03:47","guid":{"rendered":"https:\/\/apolorestaurante.com\/?page_id=6"},"modified":"2023-03-12T12:03:47","modified_gmt":"2023-03-12T12:03:47","slug":"todo-lo-que-necesita-saber-sobre-el-restaurante-apollo-una-experiencia-culinaria-unica","status":"publish","type":"page","link":"https:\/\/apolorestaurante.com\/","title":{"rendered":"Todo lo que necesita saber sobre el restaurante Apollo: una experiencia culinaria \u00fanica"},"content":{"rendered":"\n<div class=\"wp-block-image\"><figure class=\"alignleft size-full is-resized\"><img loading=\"lazy\" src=\"https:\/\/apolorestaurante.com\/wp-content\/uploads\/2023\/03\/um-manjar-para-os-olhos.jpg\" alt=\"\" class=\"wp-image-7\" width=\"267\" height=\"200\" srcset=\"https:\/\/apolorestaurante.com\/wp-content\/uploads\/2023\/03\/um-manjar-para-os-olhos.jpg 550w, https:\/\/apolorestaurante.com\/wp-content\/uploads\/2023\/03\/um-manjar-para-os-olhos-300x225.jpg 300w\" sizes=\"(max-width: 267px) 100vw, 267px\" \/><\/figure><\/div>\n\n\n\n<p>El restaurante Apolo es un restaurante griego ubicado en el coraz\u00f3n de Atenas, que ofrece una combinaci\u00f3n \u00fanica de sabores mediterr\u00e1neos tradicionales y modernos. Nuestro men\u00fa presenta una selecci\u00f3n de platos griegos tradicionales, as\u00ed como platos de fusi\u00f3n \u00fanicos que combinan los mejores ingredientes de todo el mundo. Nuestros chefs usan solo los ingredientes m\u00e1s frescos para crear platos cocinados a la perfecci\u00f3n.<\/p>\n\n\n\n<p>En Apolo, creemos en brindarles a nuestros hu\u00e9spedes una experiencia aut\u00e9ntica y memorable. Desde nuestra comida reci\u00e9n preparada hasta nuestro atento servicio, nos esforzamos para que cada visita sea especial. Ya sea que est\u00e9 buscando un almuerzo o una cena ligeros, o simplemente desee disfrutar de una velada con amigos con bebidas y bocadillos, \u00a1el restaurante Apolo seguramente tendr\u00e1 algo para todos!<\/p>\n\n\n\n<h3>Chef Yiannis Giannopoulos y su pasi\u00f3n por la cocina griega<\/h3>\n\n\n\n<div class=\"wp-block-image\"><figure class=\"alignright size-full is-resized\"><img loading=\"lazy\" src=\"https:\/\/apolorestaurante.com\/wp-content\/uploads\/2023\/03\/interni.jpg\" alt=\"\" class=\"wp-image-8\" width=\"312\" height=\"234\" srcset=\"https:\/\/apolorestaurante.com\/wp-content\/uploads\/2023\/03\/interni.jpg 550w, https:\/\/apolorestaurante.com\/wp-content\/uploads\/2023\/03\/interni-300x225.jpg 300w\" sizes=\"(max-width: 312px) 100vw, 312px\" \/><\/figure><\/div>\n\n\n\n<p>Yiannis Giannopoulos es un chef griego conocido por sus recetas innovadoras y los renombrados restaurantes que ha abierto en las \u00faltimas dos d\u00e9cadas. Su pasi\u00f3n por la cocina griega y su compromiso por crear platos deliciosos lo han convertido en uno de los chefs m\u00e1s exitosos y c\u00e9lebres del mundo.<\/p>\n\n\n\n<p>Chef Yiannis Giannopoulos ha aparecido en muchas revistas y programas de televisi\u00f3n, donde comparte su conocimiento de la cocina tradicional griega, as\u00ed como sus recetas creativas. Tambi\u00e9n ha creado una escuela de cocina que ense\u00f1a a los estudiantes a preparar deliciosos platos con ingredientes frescos de Grecia. A trav\u00e9s de estas iniciativas, el chef Yiannis Giannopoulos sigue siendo una inspiraci\u00f3n para los aspirantes a cocineros de todo el mundo.<\/p>\n\n\n\n<h3>Una mirada a los platos exclusivos y los elementos populares del men\u00fa de Apollo<\/h3>\n\n\n\n<div class=\"wp-block-image\"><figure class=\"alignleft size-full\"><img loading=\"lazy\" width=\"550\" height=\"412\" src=\"https:\/\/apolorestaurante.com\/wp-content\/uploads\/2023\/03\/apollo-caffe.jpg\" alt=\"\" class=\"wp-image-9\" srcset=\"https:\/\/apolorestaurante.com\/wp-content\/uploads\/2023\/03\/apollo-caffe.jpg 550w, https:\/\/apolorestaurante.com\/wp-content\/uploads\/2023\/03\/apollo-caffe-300x225.jpg 300w\" sizes=\"(max-width: 550px) 100vw, 550px\" \/><\/figure><\/div>\n\n\n\n<p>El restaurante Apolo es un excelente ejemplo de cocina mediterr\u00e1nea y cuenta con una amplia variedad de platos de autor. Desde la cl\u00e1sica moussaka griega hasta el tradicional Kleftiko, hay algo para todos. Los elementos populares del men\u00fa incluyen spanakopita, platos de mezze, ensaladas griegas y sus especialidades diarias. Con platos de varios pa\u00edses de la regi\u00f3n mediterr\u00e1nea en su men\u00fa, puedes disfrutar de una variedad de sabores de la zona. Adem\u00e1s de estos platos de autor, ofrecen platos peque\u00f1os como hummus y tzatziki que son perfectos para compartir con amigos o familiares. \u00a1Ven a Apollo&#8217;s y experimenta sus deliciosos cl\u00e1sicos mediterr\u00e1neos!<\/p>\n\n\n\n<h3>Experimente un ambiente \u00fanico y disfrute de un gran momento con familiares y amigos<\/h3>\n\n\n\n<div class=\"wp-block-image\"><figure class=\"alignright size-full\"><img loading=\"lazy\" width=\"550\" height=\"413\" src=\"https:\/\/apolorestaurante.com\/wp-content\/uploads\/2023\/03\/apollo-grill-aruja.jpg\" alt=\"\" class=\"wp-image-10\" srcset=\"https:\/\/apolorestaurante.com\/wp-content\/uploads\/2023\/03\/apollo-grill-aruja.jpg 550w, https:\/\/apolorestaurante.com\/wp-content\/uploads\/2023\/03\/apollo-grill-aruja-300x225.jpg 300w\" sizes=\"(max-width: 550px) 100vw, 550px\" \/><\/figure><\/div>\n\n\n\n<p>El restaurante Apolo es un gran lugar para pasar tiempo con familiares y amigos. No solo vivir\u00e1s un ambiente \u00fanico, sino que tambi\u00e9n podr\u00e1s disfrutar de un gran momento con tus seres queridos. El restaurante ofrece una amplia variedad de platos, todos preparados con ingredientes frescos y cocinados a la perfecci\u00f3n. El ambiente es relajado y acogedor, perfecto tanto para reuniones familiares como para reuniones de amigos. Ya sea una cena \u00edntima para dos o un evento de un grupo grande, Apolo es el lugar perfecto para disfrutar de la compa\u00f1\u00eda del otro y crear recuerdos duraderos.<\/p>\n","protected":false},"excerpt":{"rendered":"<p>El restaurante Apolo es un restaurante griego ubicado en el coraz\u00f3n de Atenas, que ofrece una combinaci\u00f3n \u00fanica de sabores mediterr\u00e1neos tradicionales y modernos. Nuestro men\u00fa presenta una selecci\u00f3n de&hellip;<a href=\"https:\/\/apolorestaurante.com\/\" class=\"more-link\"><span class=\"more-button\">Continue reading<span class=\"screen-reader-text\">Todo lo que necesita saber sobre el restaurante Apollo: una experiencia culinaria \u00fanica<\/span><\/span><\/a><\/p>\n","protected":false},"author":1,"featured_media":0,"parent":0,"menu_order":0,"comment_status":"closed","ping_status":"closed","template":"","meta":[],"aioseo_notices":[],"_links":{"self":[{"href":"https:\/\/apolorestaurante.com\/index.php?rest_route=\/wp\/v2\/pages\/6"}],"collection":[{"href":"https:\/\/apolorestaurante.com\/index.php?rest_route=\/wp\/v2\/pages"}],"about":[{"href":"https:\/\/apolorestaurante.com\/index.php?rest_route=\/wp\/v2\/types\/page"}],"author":[{"embeddable":true,"href":"https:\/\/apolorestaurante.com\/index.php?rest_route=\/wp\/v2\/users\/1"}],"replies":[{"embeddable":true,"href":"https:\/\/apolorestaurante.com\/index.php?rest_route=%2Fwp%2Fv2%2Fcomments&post=6"}],"version-history":[{"count":1,"href":"https:\/\/apolorestaurante.com\/index.php?rest_route=\/wp\/v2\/pages\/6\/revisions"}],"predecessor-version":[{"id":11,"href":"https:\/\/apolorestaurante.com\/index.php?rest_route=\/wp\/v2\/pages\/6\/revisions\/11"}],"wp:attachment":[{"href":"https:\/\/apolorestaurante.com\/index.php?rest_route=%2Fwp%2Fv2%2Fmedia&parent=6"}],"curies":[{"name":"wp","href":"https:\/\/api.w.org\/{rel}","templated":true}]}}